factors of 12864?
2, 3, 67
List the prime factors of 2064.
2, 3, 43
What are the prime factors of 12845?
5, 7, 367
List the prime factors of 3662.
2, 1831
List the prime factors of 1231.
1231
List the prime factors of 4810.
2, 5, 13, 37
What are the prime factors of 4987?
4987
List the prime factors of 12307.
31, 397
What are the prime factors of 763?
7, 109
List the prime factors of 6285.
3, 5, 419
List the prime factors of 910.
2, 5, 7, 13
List the prime factors of 156573.
3, 1933
List the prime factors of 974.
2, 487
List the prime factors of 15332.
2, 3833
What are the prime factors of 2668?
2, 23, 29
What are the prime factors of 1077?
3, 359
List the prime factors of 410.
2, 5, 41
What are the prime factors of 233?
233
List the prime factors of 290.
2, 5, 29
List the prime factors of 34784.
2, 1087
What are the prime factors of 3136?
2, 7
List the prime factors of 45109.
79, 571
List the prime factors of 27719.
53, 523
List the prime factors of 245.
5, 7
What are the prime factors of 3149?
47, 67
List the prime factors of 2880.
2, 3, 5
What are the prime factors of 1456?
2, 7, 13
What are the prime factors of 2359?
7, 337
List the prime factors of 920.
2, 5, 23
List the prime factors of 4859.
43, 113
What are the prime factors of 82245?
3, 5, 5483
List the prime factors of 2885.
5, 577
What are the prime factors of 7901?
7901
List the prime factors of 65459.
67, 977
What are the prime factors of 1700?
2, 5, 17
List the prime factors of 125253.
3, 4639
List the prime factors of 152804.
2, 38201
What are the prime factors of 137?
137
List the prime factors of 74139.
3, 13, 1901
List the prime factors of 71129.
71129
List the prime factors of 2414.
2, 17, 71
List the prime factors of 57547.
7, 8221
What are the prime factors of 690?
2, 3, 5, 23
List the prime factors of 7087.
19, 373
What are the prime factors of 35683?
17, 2099
List the prime factors of 675.
3, 5
List the prime factors of 9108.
2, 3, 11, 23
List the prime factors of 16401.
3, 7, 11, 71
What are the prime factors of 423?
3, 47
What are the prime factors of 755?
5, 151
List the prime factors of 73411.
13, 5647
What are the prime factors of 58762?
2, 11, 2671
List the prime factors of 7346.
2, 3673
List the prime factors of 98094.
2, 3, 16349
What are the prime factors of 12033?
3, 7, 191
What are the prime factors of 2714?
2, 23, 59
What are the prime factors of 27017?
27017
List the prime factors of 2315.
5, 463
What are the prime factors of 2364?
2, 3, 197
List the prime factors of 1300.
2, 5, 13
List the prime factors of 13445.
5, 2689
What are the prime factors of 156?
2, 3, 13
What are the prime factors of 1298?
2, 11, 59
What are the prime factors of 4715?
5, 23, 41
List the prime factors of 109435.
5, 43, 509
List the prime factors of 2322.
2, 3, 43
List the prime factors of 1389.
3, 463
What are the prime factors of 24300?
2, 3, 5
What are the prime factors of 1884?
2, 3, 157
What are the prime factors of 610?
2, 5, 61
What are the prime factors of 16411?
16411
What are the prime factors of 5931?
3, 659
What are the prime factors of 11167?
13, 859
What are the prime factors of 13634?
2, 17, 401
List the prime factors of 2444.
2, 13, 47
List the prime factors of 40392.
2, 3, 11, 17
What are the prime factors of 722?
2, 19
List the prime factors of 35609.
7, 5087
What are the prime factors of 5159?
7, 11, 67
List the prime factors of 102651.
3, 34217
What are the prime factors of 648?
2, 3
What are the prime factors of 8971?
8971
What are the prime factors of 748?
2, 11, 17
What are the prime factors of 10344?
2, 3, 431
What are the prime factors of 3342?
2, 3, 557
List the prime factors of 261.
3, 29
What are the prime factors of 14164?
2, 3541
What are the prime factors of 25512?
2, 3, 1063
List the prime factors of 25260.
2, 3, 5, 421
List the prime factors of 28311.
3, 9437
List the prime factors of 47681.
47681
What are the prime factors of 21069?
3, 2341
List the prime factors of 40418.
2, 7, 2887
What are the prime factors of 5028?
2, 3, 419
What are the prime factors of 128706?
2, 3, 19, 1129
List the prime factors of 899.
29, 31
List the prime factors of 146.
2, 73
List the prime factors of 5652.
2, 3, 157
List the prime factors of 19165.
5, 3833
What are the prime factors of 1064?
2, 7, 19
What are the prime factors of 1996?
2, 499
What are the prime factors of 3489?
3, 1163
List the prime factors of 21539.
7, 17, 181
What are the prime factors of 4630?
2, 5, 463
What are the prime factors of 2050?
2, 5, 41
What are the prime factors of 8127?
3, 7, 43
What are the prime factors of 4181?
37, 113
List the prime factors of 50991.
3, 23, 739
What are the prime factors of 1776?
2, 3, 37
What are the prime factors of 510?
2, 3, 5, 17
What are the prime factors of 97080?
2, 3, 5, 809
What are the prime factors of 1514?
2, 757
List the prime factors of 88151.
7, 257
List the prime factors of 795.
3, 5, 53
What are the prime factors of 701?
701
What are the prime factors of 2721?
3, 907
What are the prime factors of 83117?
83117
What are the prime factors of 97287?
3, 32429
What are the prime factors of 4969?
4969
What are the prime factors of 1958?
2, 11, 89
What are the prime factors of 4147?
11, 13, 29
List the prime factors of 5116.
2, 1279
What are the prime factors of 932?
2, 233
List the prime factors of 2548.
2, 7, 13
What are the prime factors of 1050?
2, 3, 5, 7
What are the prime factors of 17131?
37, 463
What are the prime factors of 147?
3, 7
List the prime factors of 2634.
2, 3, 439
What are the prime factors of 323?
17, 19
What are the prime factors of 10280?
2, 5, 257
What are the prime factors of 137230?
2, 5, 13723
List the prime factors of 1450.
2, 5, 29
What are the prime factors of 7516?
2, 1879
List the prime factors of 10032.
2, 3, 11, 19
What are the prime factors of 2061?
3, 229
List the prime factors of 27.
3
What are the prime factors of 234?
2, 3, 13
List the prime factors of 395.
5, 79
What are the prime factors of 4451?
4451
What are the prime factors of 1074?
2, 3, 179
List the prime factors of 15372.
2, 3, 7, 61
List the prime factors of 38602.
2, 19301
What are the prime factors of 12047?
7, 1721
What are the prime factors of 24?
2, 3
What are the prime factors of 11297?
11, 13, 79
What are the prime factors of 3426?
2, 3, 571
What are the prime factors of 1197?
3, 7, 19
List the prime factors of 4644.
2, 3, 43
What are the prime factors of 11091?
3, 3697
List the prime factors of 869.
11, 79
List the prime factors of 10189.
23, 443
What are the prime factors of 84773?
13, 6521
List the prime factors of 4080.
2, 3, 5, 17
List the prime factors of 3077.
17, 181
What are the prime factors of 76650?
2, 3, 5, 7, 73
What are the prime factors of 2189?
11, 199
What are the prime factors of 4039?
7, 577
What are the prime factors of 79814?
2, 7, 5701
What are the prime factors of 1071?
3, 7, 17
List the prime factors of 41615.
5, 7, 29, 41
What are the prime factors of 87508?
2, 131, 167
What are the prime factors of 668?
2, 167
What are the prime factors of 2903?
2903
What are the prime factors of 594?
2, 3, 11
List the prime factors of 69188.
2, 7, 353
What are the prime factors of 3531?
3, 11, 107
What are the prime factors of 12454?
2, 13, 479
What are the prime factors of 4108?
2, 13, 79
What are the prime factors of 6133?
6133
List the prime factors of 4133.
4133
List the prime factors of 15604.
2, 47, 83
What are the prime factors of 25546?
2, 53, 241
List the prime factors of 30169.
30169
What are the prime factors of 168552?
2, 3, 2341
List the prime factors of 774.
2, 3, 43
List the prime factors of 13055.
5, 7, 373
List the prime factors of 38750.
2, 5, 31
List the prime factors of 40593.
3, 7, 1933
List the prime factors of 784.
2, 7
What are the prime factors of 3266?
2, 23, 71
What are the prime factors of 4312?
2, 7, 11
What are the prime factors of 2449?
31, 79
List the prime factors of 29880.
2, 3, 5, 83
List the prime factors of 3814.
2, 1907
What are the prime factors of 11504?
2, 719
What are the prime factors of 7097?
47, 151
What are the prime factors of 3534?
2, 3, 19, 31
What are the prime factors of 425?
5, 17
What are the prime factors of 49211?
49211
What are the prime factors of 155?
5, 31
What are the prime f